{"id":3898,"date":"2024-03-08T14:42:09","date_gmt":"2024-03-08T13:42:09","guid":{"rendered":"https:\/\/escapemadrid.es\/?page_id=3898"},"modified":"2024-03-08T14:42:09","modified_gmt":"2024-03-08T13:42:09","slug":"politica-de-privacidad","status":"publish","type":"page","link":"https:\/\/escapemadrid.es\/index.php\/politica-de-privacidad\/","title":{"rendered":"Pol\u00edtica de privacidad"},"content":{"rendered":"<h1>Pol\u00edtica de privacidad<\/h1>\n<p>El dominio escapemadrid.es pertenece a Escape Madrid, entidad responsable del tratamiento de tus datos personales.<\/p>\n<p>Esta Pol\u00edtica de Privacidad establece los t\u00e9rminos bajo los cuales procesamos la informaci\u00f3n recabada por Escape Madrid detallando las razones fundamentales por las cuales se requiere la recopilaci\u00f3n de determinados datos personales. Por consiguiente, te instamos a revisar esta Pol\u00edtica de Privacidad antes de hacer uso del sitio web de Escape Madrid.<\/p>\n<p>En Escape Madrid valoramos tus datos personales y nos comprometemos a asegurar su confidencialidad y seguridad.<\/p>\n<p><strong>Definici\u00f3n de datos personales<\/strong><\/p>\n<p>El t\u00e9rmino \u00abdatos personales\u00bb se refiere a cualquier informaci\u00f3n relacionada con una persona f\u00edsica identificada o identificable. Esto abarca, entre otros, el nombre, apellidos, direcci\u00f3n postal y de correo electr\u00f3nico, as\u00ed como el n\u00famero de tel\u00e9fono.<\/p>\n<p><strong>Datos personales recabados<\/strong><\/p>\n<p>Cuando accedes a escapemadrid.es, autom\u00e1ticamente recopilamos informaci\u00f3n espec\u00edfica sobre tu dispositivo, incluyendo detalles sobre tu navegador web, direcci\u00f3n IP, zona horaria y algunas cookies instaladas en tu dispositivo. Asimismo, mientras navegas, recabamos informaci\u00f3n sobre las p\u00e1ginas web o productos espec\u00edficos que visualizas, as\u00ed como los sitios web o t\u00e9rminos de b\u00fasqueda que te llevaron al sitio y tu interacci\u00f3n con ellos. A esta informaci\u00f3n recopilada autom\u00e1ticamente la denominamos \u00abInformaci\u00f3n del dispositivo\u00bb. Adicionalmente, al rellenar el formulario de contacto podemos recolectar los datos personales que nos proporcionas (tales como nombre, apellido, direcci\u00f3n de correo electr\u00f3nico, etc.) con el fin de cumplir con el acuerdo establecido.<\/p>\n<p><strong>\u00bfPor qu\u00e9 procesamos tus datos?<\/strong><\/p>\n<p>Nuestra principal prioridad es garantizar la seguridad de los datos de nuestros usuarios, por lo que procesamos \u00fanicamente los datos m\u00ednimos necesarios para el mantenimiento del sitio web. La informaci\u00f3n recopilada autom\u00e1ticamente se utiliza de manera exclusiva para identificar posibles casos de abuso y para generar estad\u00edsticas sobre el uso del sitio web, sin agrupar la informaci\u00f3n de manera que identifique a usuarios espec\u00edficos.<\/p>\n<p>Es posible visitar el sitio web sin revelar informaci\u00f3n que permita tu identificaci\u00f3n personal. No obstante, al utilizar funciones espec\u00edficas del sitio, como completar formularios, puedes proporcionarnos datos personales como tu correo electr\u00f3nico, nombre, apellido, ciudad de residencia, organizaci\u00f3n y n\u00famero de tel\u00e9fono. Optar por no proporcionar estos datos podr\u00eda limitar el acceso a algunas funciones del sitio.<\/p>\n<p><strong>Tus derechos<\/strong><\/p>\n<p>Si eres residente europeo, cuentas con los siguientes derechos en relaci\u00f3n con tus datos personales:<\/p>\n<ul>\n<li>Derecho a ser informado.<\/li>\n<li>Derecho de acceso.<\/li>\n<li>Derecho a la rectificaci\u00f3n.<\/li>\n<li>Derecho a borrar.<\/li>\n<li>Derecho a restringir el procesamiento.<\/li>\n<li>Derecho a la portabilidad de datos.<\/li>\n<li>Derecho a oponerte.<\/li>\n<li>Derechos en relaci\u00f3n con la toma de decisiones automatizada y la elaboraci\u00f3n de perfiles.<\/li>\n<\/ul>\n<p>Para ejercer estos derechos, por favor, contacta con nosotros a trav\u00e9s de la informaci\u00f3n de contacto proporcionada al final de este aviso.<\/p>\n<p><strong>Enlaces a otros sitios web<\/strong><\/p>\n<p>Nuestra web puede contener enlaces a sitios web no gestionados ni propiedad de Escape Madrid. No nos responsabilizamos de dichos sitios ni de sus pr\u00e1cticas de privacidad. Te recomendamos estar atento al abandonar nuestro sitio y revisar las pol\u00edticas de privacidad de cada web que recabe informaci\u00f3n personal.<\/p>\n<p><strong>Seguridad de la informaci\u00f3n<\/strong><\/p>\n<p>Aseguramos la informaci\u00f3n proporcionada en servidores inform\u00e1ticos en un entorno controlado y seguro, protegido contra acceso, uso o divulgaci\u00f3n no autorizados. Mantenemos medidas de seguridad administrativas, t\u00e9cnicas y f\u00edsicas razonables para prevenir el acceso no autorizado, uso, modificaci\u00f3n o divulgaci\u00f3n de datos personales bajo nuestro control y custodia. No obstante, no podemos garantizar la transmisi\u00f3n segura de datos a trav\u00e9s de Internet o redes inal\u00e1mbricas.<\/p>\n<p><strong>Divulgaci\u00f3n legal<\/strong><\/p>\n<p>Cualquier informaci\u00f3n que recopilemos, usemos o recibamos ser\u00e1 divulgada conforme lo exija o permita la ley, como respuesta a una citaci\u00f3n o proceso legal similar, o cuando de buena fe consideremos que la divulgaci\u00f3n es necesaria para proteger nuestros derechos, tu seguridad o la de otros, investigar fraudes o responder a solicitudes gubernamentales.<\/p>\n<p><strong>Cambios en la presente pol\u00edtica de privacidad<\/strong><\/p>\n<p>Escape Madrid se reserva el derecho de ajustar la presente pol\u00edtica para adecuarla a nuevas disposiciones legislativas o jurisprudenciales, as\u00ed como a las pr\u00e1cticas emergentes en la industria. En tales circunstancias, la empresa comunicar\u00e1 los cambios realizados en esta p\u00e1gina con una antelaci\u00f3n razonable antes de su implementaci\u00f3n.<\/p>\n<p><strong>Informaci\u00f3n de contacto<\/strong><\/p>\n<p>Si deseas obtener m\u00e1s informaci\u00f3n sobre esta Pol\u00edtica o tienes preguntas sobre tus derechos individuales y tu informaci\u00f3n personal, puedes ponerte en contacto con nosotros a trav\u00e9s del correo electr\u00f3nico info@escapemadrid.es.<\/p>\n","protected":false},"excerpt":{"rendered":"<p>Pol\u00edtica de privacidad El dominio escapemadrid.es pertenece a Escape Madrid, entidad responsable del tratamiento de tus datos personales. Esta Pol\u00edtica de Privacidad establece los t\u00e9rminos bajo los cuales procesamos la informaci\u00f3n recabada por Escape Madrid detallando las razones fundamentales por las cuales se requiere la recopilaci\u00f3n de determinados datos personales. Por consiguiente, te instamos a [&hellip;]<\/p>\n","protected":false},"author":1,"featured_media":0,"parent":0,"menu_order":0,"comment_status":"closed","ping_status":"closed","template":"","meta":{"advanced_seo_description":"","jetpack_seo_html_title":"","jetpack_seo_noindex":false,"_joinchat":[],"footnotes":""},"class_list":["post-3898","page","type-page","status-publish","hentry","entry"],"jetpack_sharing_enabled":true,"_links":{"self":[{"href":"https:\/\/escapemadrid.es\/index.php\/wp-json\/wp\/v2\/pages\/3898","targetHints":{"allow":["GET"]}}],"collection":[{"href":"https:\/\/escapemadrid.es\/index.php\/wp-json\/wp\/v2\/pages"}],"about":[{"href":"https:\/\/escapemadrid.es\/index.php\/wp-json\/wp\/v2\/types\/page"}],"author":[{"embeddable":true,"href":"https:\/\/escapemadrid.es\/index.php\/wp-json\/wp\/v2\/users\/1"}],"replies":[{"embeddable":true,"href":"https:\/\/escapemadrid.es\/index.php\/wp-json\/wp\/v2\/comments?post=3898"}],"version-history":[{"count":3,"href":"https:\/\/escapemadrid.es\/index.php\/wp-json\/wp\/v2\/pages\/3898\/revisions"}],"predecessor-version":[{"id":3901,"href":"https:\/\/escapemadrid.es\/index.php\/wp-json\/wp\/v2\/pages\/3898\/revisions\/3901"}],"wp:attachment":[{"href":"https:\/\/escapemadrid.es\/index.php\/wp-json\/wp\/v2\/media?parent=3898"}],"curies":[{"name":"wp","href":"https:\/\/api.w.org\/{rel}","templated":true}]}}